 units digit of v(j)?
5
Let y(p) = p**2. Let u be y(0). What is the tens digit of -1 + 30 + u/(-7)?
2
Suppose 4*x + 2*c - 3182 = 4*c, 3*c - 2409 = -3*x. What is the tens digit of x?
9
Let r = 44 - 26. Let w(i) = i**2 - 3*i - 10. Let m be w(-5). Suppose 4*u + k = r, u + 5*k + m = 5*u. What is the units digit of u?
5
Let x be (-8 + -2)*210/(-25). Let j = 133 - x. What is the tens digit of j?
4
Let y be (-3 - -6)/(1/1). Suppose -9 = -2*k - y. Suppose 43 - k = 5*f. What is the units digit of f?
8
Suppose -c - 3*q - 16 = 3*c, -5*q = -2*c - 8. What is the tens digit of (40/(-15))/c*78?
5
Let l = -30 - -154. Suppose 3*v - 3*q = 96, 0*q = 4*v - 5*q - l. What is the tens digit of v?
3
Let l = 74 + -54. Let t = l - -33. What is the tens digit of t?
5
Suppose -k - 3*u = -440, -175 - 269 = -k - 5*u. Suppose 3*q + k = 2*p, -3*p - 5*q = -142 - 490. What is the hundreds digit of p?
2
Suppose 0 = 5*y - 5, 0*k - 5*y = -k + 136. What is the tens digit of k?
4
Suppose 22 = 5*q - 3, -4*s + 18 = 2*q. Let o(h) = -h + 1. Let j(l) = 2*l**2 + 11*l - 12. Let d(y) = s*j(y) + 22*o(y). What is the units digit of d(-2)?
4
Let i be ((-9)/6)/((-6)/36). Suppose -4*g + i*g = 4*x - 1337, -4*x + 3*g = -1327. What is the hundreds digit of x?
3
Let n be (-45)/21 + 2 - 1024/(-14). Suppose -68*k - 255 = -n*k. What is the tens digit of k?
5
Let h(d) = -9*d - 4. Let u be h(-5). Let l = 85 - u. Suppose -5*o + l = -o. What is the tens digit of o?
1
Let j(q) = 23*q + 31. Let l(i) = -21*i - 30. Let c(d) = -5*j(d) - 4*l(d). What is the tens digit of c(-10)?
7
Let g be 4/(-3) + (-4)/6. Let z be 23 - (-2 + g/(-2)). What is the units digit of (-20)/z*-4*12?
0
Suppose 238 = 3*v - 5*y, 5*y - 296 + 48 = -3*v. Suppose 3*l + h = l - v, -5*l + 2*h - 216 = 0. What is the units digit of (182/l)/(2/(-12))?
6
Suppose 3*s + 6*v = 3*v, 2*s + v = -3. Let w = 1 - 1. Let h = w - s. What is the units digit of h?
3
Let g be 2/(-4)*(2 - 0) + 6. Suppose -g*v - 355 = -920. What is the tens digit of v?
1
Let k(p) = p**3 - 37*p + 49. What is the units digit of k(12)?
3
Suppose 2*a - d = 1402, -3*a + 0*d + 2103 = 3*d. What is the hundreds digit of a?
7
Let i = -269 + 305. What is the tens digit of i?
3
Let c be 3/((-75)/(-70)) + 2/10. Suppose 0 = c*n + n - 168. What is the units digit of n?
2
Suppose -10*i = -7452 - 33898. What is the thousands digit of i?
4
Suppose -6*t + 7*t + 44 = 2*k, -4 = 2*t. Let c be (-12)/28 - (-1122)/k. Let z = c + -31. What is the tens digit of z?
2
Let m(w) = -w**3 - 8*w**2 + 19*w + 44. What is the tens digit of m(-13)?
4
Let b(n) = 2*n - 6. Let v be b(4). Suppose v*q = q - 4*k + 40, -5*q = -k - 179. What is the units digit of q?
6
Let v = -1 - -1. Suppose 0 = -3*m + m + 13*m. Suppose v*p + p - 46 = m. What is the units digit of p?
6
Let v = 588 - 333. What is the tens digit of v?
5
Suppose 1932 = 2*l - 2*c + 102, 3650 = 4*l - 2*c. What is the units digit of l?
0
Let i = 417 + -63. Suppose 19*x = 22*x - i. Suppose 5*v = g + 185, x = 3*v + 2*g - 4*g. What is the units digit of v?
6
Suppose 4*w + 4*d - 1521 - 491 = 0, 0 = d. What is the hundreds digit of w?
5
Let m(w) = -w + 4. Let f be m(5). What is the units digit of ((-579)/(-21) + f)*(13 + -6)?
6
Suppose -p + 4480 = 9*p. What is the units digit of p?
8
Let n = -6 + -6. Let a be ((-18)/n)/(3/4). Suppose 5*g - 37 = -a*t, -g - 25 = -t + 3*g. What is the tens digit of t?
2
Let q(h) = -9*h + 7. Let k be q(-5). Suppose 3*m - 29 = k. What is the tens digit of m?
2
Let h be -26*-4*((-44)/16 + 4). Suppose 5*q - a - h = 0, 31 - 11 = q + a. What is the units digit of q?
5
Suppose 7*u = 2*u + 325. Suppose -5*l + 13 = -d - 75, 4*l + d - u = 0. Suppose -q + 0*h - 4*h - l = 0, -h - 2 = q. What is the units digit of q?
3
Suppose -177 = -4*q + 535. What is the units digit of q?
8
Suppose 5*o - 4 - 11 = 0. Suppose o*l + 85 = 16. What is the units digit of (l - -3)*15/(-12)?
5
Suppose -3*y + 1204 = 4*w, 5*y - 3*w - 2004 = -7*w. Suppose j = -134 + y. What is the units digit of j?
6
Suppose -2*w - 2*x = -14, 0*w - 2*x + 18 = 3*w. Suppose -w*v - 3*v = -1743. What is the hundreds digit of v?
2
Let s(h) = 7*h - 2. Let b be s(1). Suppose 2*k - 5*g - 140 = 0, b*k - g = -3*g + 408. What is the tens digit of k?
8
Let t(g) be the first derivative of g**4/4 - g**3/3 - g**2 + 52*g + 11. What is the units digit of t(0)?
2
Suppose 4*o + 194 = 3*f - 92, o = 4*f - 403. Let j = 186 - f. Suppose k = -2*k + j. What is the tens digit of k?
2
Let f(k) = k**3 - 3*k**2 + 15*k - 44. What is the tens digit of f(7)?
5
Let c be 23/23 - 7/1. Let p(g) = g**3 + 6*g**2 - 3. Let q be p(c). Let s(n) = 5*n**2 + 3*n + 4. What is the tens digit of s(q)?
4
Let c be 45/18*8/(-10). What is the hundreds digit of 0 - -173 - (-2 + c)?
1
Let r(s) be the second derivative of 35*s**4/12 - 10*s. What is the tens digit of r(-1)?
3
Let n(d) = -88*d - 4. Let z(x) = 1. Let o(c) = n(c) + 3*z(c). What is the tens digit of o(-1)?
8
Let b = -20 + 99. Let r = 158 - b. Suppose -3*a = -4*o + 61, 5*o + 3*a + 23 - r = 0. What is the units digit of o?
3
Let v(x) = 4*x**2 + 48*x - 31. What is the tens digit of v(-33)?
4
Let n(t) = 11*t + 13. Let i be n(-8). Let z = i + 204. What is the hundreds digit of z?
1
Let g(k) = -5*k**3 - 4*k**2 - 4*k - 6. Let v be g(-3). Let x = 159 - v. What is the units digit of x?
4
Let y be (-2)/(-9) - (-94)/(-18). Let p(q) = 2 - 5*q + 0*q**3 - 711*q**2 + 716*q**2 + q**3. What is the units digit of p(y)?
7
Let h(d) = -13*d + 4. What is the units digit of h(-29)?
1
Suppose 19 - 57 = -2*s. Suppose 53 - s = 2*c. What is the tens digit of c?
1
Let c = -8 + 7. Let n be c/(-6) + 1/(-6). Let q(b) = -b**3 - b**2 + b + 20. What is the tens digit of q(n)?
2
Suppose -5*u = 3*m - 1580, m - 1257 = -4*u - 0*u. Let r = -162 + u. What is the tens digit of r?
5
Let n be 1 - (-9)/(-3) - -2. Suppose -4*k - 5*q + 19 = n, -4 = -q + 5*q. What is the units digit of (-3)/k - 65/(-2)?
2
Let o be (-10)/(-8) + 6/8. Suppose -389 = -3*k - 3*l + 46, 8 = -4*l. What is the tens digit of k/6 - o/(-4)?
2
Suppose 0 = -3*s - 3*u - 1 + 7, 4*s = 2*u + 8. Suppose -s*i = -108 + 30. What is the units digit of i?
9
Let a(y) = y**3 - 14*y**2 - 29*y - 15. Suppose 4 = -2*i + i, l = 4*i + 32. What is the units digit of a(l)?
3
Let t = -1754 + 3553. What is the units digit of t?
9
Let z be 18 + (0/5 - -1). Suppose -5*c + 0*c = 0. What is the tens digit of -1*(-2 + c - z)?
2
Suppose 2*h + 165 - 177 = 0. Let o = h - -37. What is the tens digit of o?
4
Let m be 4 - 1 - (3 - 0). Let r be -1 - (m + -3 - 124). Let t = r - 47. What is the tens digit of t?
7
Suppose 3*u = 3*j + 648, -16*j + 1086 = 5*u - 15*j. What is the units digit of u?
7
Suppose 118*g = 123*g + 5*b - 5520, -3*g = b - 3318. What is the units digit of g?
7
Suppose 558 = 3*n - 3*r + 33, -n + 175 = r. Suppose 5*d - 385 = -4*m, -2*m + n = -0*m - d. What is the units digit of m?
0
Suppose 193*s = 189*s + 1256. What is the tens digit of s?
1
Suppose 0 = -x - 4, 4*x - 271 - 421 = -4*y. Let a = y - 61. What is the hundreds digit of a?
1
Suppose 3*j - 5*u - 12 = 0, 2*j - 3*u + 4 = 3*j. Suppose -j*c - 3 = 1. Let m = c + 15. What is the tens digit of m?
1
Let w(z) = -z**3 + 18*z**2 + 20*z - 28. What is the tens digit of w(17)?
0
Let h(b) = 6*b**2 + 14 - 26*b + 6*b**2 + 17*b. What is the tens digit of h(4)?
7
Let o = -79 + 121. Let k be -42*-4*(-9)/o. Let s = k - -83. What is the tens digit of s?
4
Suppose -a + 18 + 3 = 0. Suppose -j + 84 = a. What is the tens digit of j?
6
Let g(z) = -z - 6. Let w be g(-8). Suppose w*h - 61 - 49 = 4*d, -4*h + 220 = -3*d. Let t = -34 + h. What is the tens digit of t?
2
Let n(u) = -u**3 - 2*u**2 + 14*u + 18. Let o be n(-6). Suppose 0 = 10*b - o - 1042. What is the hundreds digit of b?
1
Let v(d) = -d**3 + 5*d**2 - 5*d + 29. Let o be v(5). Suppose -3*i = -2*w + 395, -o*w + 637 = -2*i - 173. What is the tens digit of w?
0
Let f = -878 - -3762. What is the tens digit of f?
8
What is the units digit of 8 + 15/(-3) + 628?
1
Let n(p) = -102*p**3 - 7*p**2 - 3*p. What is the units digit of n(-2)?
4
Suppose -4*h = 4*o - 1540, -h - 2*h + 1162 = -4*o. What is the units digit of h?
6
Let c(q) = 84 + q**2 - 2*q**2 + 3*q + 77 - 45. What is the hundreds digit of c(0)?
1
Let r(c) be the third derivative of c**4/24 - 4*c**3/3 + 4*c**2. Let v be r(11). Suppose g 